94*w + 0 - 89*w. Let x be s(-2). Give u(x).
-6
Suppose -2*h = 4*s + 16, 4*h - 3*s = -0*h - 10. Let t(m) be the first derivative of -14 - m**3 + 2*m - 1/4*m**4 + 5/2*m**2. Determine t(h).
-2
Let y be (2 - 2 - 30)/(-2). Suppose -7*g + y = -12*g. Let d(a) = a**3 + 2*a**2 - a - 3. Give d(g).
-9
Let k = 7 + -14. Let x = k + 8. Let s(m) = 6*m - x - 5*m - 4. Give s(7).
2
Let j(s) be the first derivative of s**3/3 + 3*s**2 + s + 1. Let n = -67 - -63. Determine j(n).
-7
Let w(p) = -2*p**2 - p + 12. Let i(n) = -n**2. Let y(x) = -5*i(x) + w(x). Let m(g) be the first derivative of y(g). Give m(-3).
-19
Let x(p) = 5*p**3 + 3*p**2 + 6*p + 2. Let j(r) = 4*r**3 + 2*r**2 + 5*r + 2. Let b(f) = -7*j(f) + 6*x(f). Let d be ((-147)/14)/21*4. Give b(d).
-4
Suppose 0 = -4*m + 7 + 13. Let z(h) = 2*h**2 - m - h**2 + 4*h**2 - 7*h + h**3. Give z(-6).
1
Let o = 1739 - 1735. Let y(i) = -6*i**3 - 10*i**2 + 3*i + 7. Let x(l) = 5*l**3 + 9*l**2 - 2*l - 6. Let m = 9 + -15. Let g(u) = m*y(u) - 7*x(u). Calculate g(o).
0
Let k(b) = 9*b - 60. Let a(g) = -22*g + 144. Let p(f) = 5*a(f) + 12*k(f). Give p(1).
-2
Suppose 15 + 5 = 5*y. Let z(u) be the first derivative of u**4/4 - 4*u**3/3 - u**2 + 6*u + 15. Determine z(y).
-2
Let k(y) be the second derivative of 0 + y**2 - 5*y - 2/3*y**3. Suppose v + 4 = -2*i + 17, 4*i - 11 = 3*v. What is k(v)?
-10
Let x(c) = 52 + 3*c - 52. Let d be x(0). Let l(z) be the first derivative of z**3/3 + z**2/2 - 6*z + 1. What is l(d)?
-6
Let o(b) = -b**2 + 6 - 528*b + 1061*b - 1 - 534*b. What is o(0)?
5
Let d(r) = -r. Let f(a) be the third derivative of 1/6*a**3 + 0 + 0*a - a**2 - 5/12*a**4. Let t(m) = d(m) - f(m). Give t(1).
8
Let t(m) = m**2 + 3*m. Let l be t(5). Let c be 2/3 + l/12 + 1. Let w(d) be the third derivative of d**5/60 - 7*d**4/24 + 2*d**3/3 + d**2. Determine w(c).
-6
Suppose -22*h = -h - 84. Suppose 0 = 8*q - 4*q + h. Let n(y) = -2*y + 2*y**2 - 1 + 2*y. What is n(q)?
1
Let t(m) be the third derivative of -m**6/120 - m**5/20 + m**4/4 + m**3/2 - 4*m**2 + 2*m. Let x(a) = -a - 2. Let k be x(3). Calculate t(k).
23
Let u(p) be the first derivative of -p**3/6 + 40*p + 20. Let b(y) be the first derivative of u(y). Calculate b(-2).
2
Let u(t) = -2*t**2 + t + 1. Let x = 1066 - 1071. What is u(x)?
-54
Let m be (2 + 1)/((-15)/105). Let w(y) = y**2 + 20*y - 13. Give w(m).
8
Let s(v) = -4*v**2 + v + 1. Suppose 22 = -2*q + 26. Calculate s(q).
-13
Let h(n) be the second derivative of -n**4/12 + 2*n**3/3 + 6*n**2 - 246*n. Give h(5).
7
Let v(f) = 2*f**2 - 3*f - 4. Let g be (-10 - -6) + 156/(-1 + -1). Let h = 85 + g. Give v(h).
5
Suppose 28 = -12*k + 28. Let a(i) be the third derivative of 1/60*i**5 + 1/6*i**3 + k + 3/40*i**6 + 0*i + 6*i**2 + 1/12*i**4. What is a(-1)?
-9
Suppose 48 - 64 = -4*l. Let i(b) = -b**3 + b**2 + 2*b + 2. What is i(l)?
-38
Let k = -60 - -59. Let t(r) = 21*r - 1. Calculate t(k).
-22
Let m be 385/88 + (-3)/8 - 16. Let x(v) = -v**3 - 12*v**2 + 7. Determine x(m).
7
Let u(o) = -2*o**2 - 49*o - 25. Let q be u(-24). Let s(p) = 3*p**2 + p. Give s(q).
2
Let c(y) = -6*y - 41. Let r be (28/6)/(42/(-63)). Give c(r).
1
Let y(u) = 4 - 4*u**3 + 1353177*u**2 - 1353167*u**2 + 3*u**3 + 11*u. Determine y(11).
4
Let g(a) = 25*a**3 - a**2 + a - 1. Suppose 0 = -2*o + o + 1. Determine g(o).
24
Let n(p) = p - 3. Let v be (-48)/15 + 16/(-20). Let k be 0/(1 - -1) + v. What is n(k)?
-7
Let l(m) = -2*m**2 + 6 + 0*m + 19*m - 16 + 3*m**2 - 13*m. Let i(j) = -2*j + 7. Let a be i(7). What is l(a)?
-3
Let s(h) be the third derivative of -h**6/120 + h**5/15 + h**4/12 - h**3/3 + 2*h**2 - 8*h. Give s(3).
13
Let h(k) = 7*k + 15. Let r(u) = 22*u + 53. Let o(c) = -14*h(c) + 4*r(c). Calculate o(-2).
22
Let u(h) = 11*h**3 - 30*h**2 + 6. Let s(k) = 8*k**3 - 21*k**2 + 4. Let d(m) = -7*s(m) + 5*u(m). Let y be ((-2)/4 - 1)*2. Give d(y).
2
Let c = 36 - 31. Suppose -2*f = -4*b - 10, 0 = -2*f - 3*b + b + 4. Let d(j) = -5*j**2 - 3 - 2*j + f*j + 0*j + j**3. Give d(c).
2
Let c(g) = -7*g**3 - g**2 - 2*g - 2. Let q(z) = -4*z + 4 - z**3 - 4 + 3*z - 1. Let u(x) = c(x) - 2*q(x). Let j be u(1). Let p(b) = b + 4. Determine p(j).
-2
Suppose -19 = -c - 17. Let w(s) = 0*s**2 + 2*s**3 + c*s**2 - 1 + 9*s**3 - 7*s**3. Give w(1).
5
Suppose -10 + 3 = -2*a + z, 6 = -2*z. Let y(f) = -3*f + 0*f + 4*f - a*f - 4. Suppose 0*k = -4*k - 32. Give y(k).
4
Let u(l) = -4*l**2 + 0*l + 3*l + 3113*l**3 - 1 + 0 - 3117*l**3. Determine u(2).
-43
Suppose 14*d + 416 = -12*d. Let f(j) = 2*j**2 + 35*j + 45. What is f(d)?
-3
Let d(l) = -158 - 158 + 2*l + 315 + 3*l**2. Calculate d(1).
4
Let x(b) be the first derivative of 2*b**3/3 - b**2/2 - 3*b + 843. Determine x(-2).
7
Let w(b) = -b**2 - 9*b + 8. Let z be 11/(-2) - (-371)/(-106). Give w(z).
8
Let y be (-1)/((-4)/((-8)/(-1)))*2. Suppose -6*x = -y*x. Let z(a) be the second derivative of a**5/20 + a**4/12 + a. Determine z(x).
0
Let g(m) = 19*m - 2*m - 3*m - 50. Let a(r) = -5*r + 17. Let o(k) = -17*a(k) - 6*g(k). What is o(-7)?
4
Let u(v) = v**2 - 13*v - 33. Let q(r) = 6*r + 33. Let l be q(-3). Give u(l).
-3
Let q(b) = b**2 - 11*b + 11. Suppose 0 = -35*v + 184 + 201. What is q(v)?
11
Let h(m) = -3 + 29*m + 32*m - 62*m + 2. Determine h(3).
-4
Let u be (-4)/16 - 70/8. Let z be (-3)/u - 230/15. Let x = z + 17. Let k(s) = -s**2 - 2*s + 1. Determine k(x).
-7
Let m(l) be the third derivative of l**4/24 + l**3/3 + 130*l**2. Let s = 8 - 13. Give m(s).
-3
Suppose -14 = -2*t - 4. Let a(o) = -2*o**2 + 8*o + 5. Let x be a(t). Let w(f) be the first derivative of -f**2 - 7*f + 2. Give w(x).
3
Let z(k) = 19*k**3 - k**2 - k - 1. Let i(d) = -d**2 - 33*d - 243. Let j be i(-22). Determine z(j).
-20
Let g(t) = -5*t**2 - 1. Suppose -m - 1 + 6 = 0. Suppose -m*s + 20 = -h, h + 0*h + 12 = s. Let r = h + 11. Determine g(r).
-6
Let o = 133 + -122. Suppose -3*s = o*s - 42. Let r(d) = d**3 - 4*d**2 + 3*d + 2. Calculate r(s).
2
Let y(z) = 19 + 7*z - 11 - 3 + 3*z. Give y(-4).
-35
Let o = -18 - -1. Let d = -18 - o. Let l(h) = h**3 + 1. What is l(d)?
0
Let d(m) = 234*m**2 - 77*m**2 - 3*m - 80*m**2 - 79*m**2 - 3. What is d(3)?
-30
Suppose -29*r + 11*r = -54. Let k(a) = -3*a + 6. Calculate k(r).
-3
Let c = -1 + 1. Let k = -32 - -45. Let m(b) = -b - k + 14 + 0 + b**2. Give m(c).
1
Let a(q) = 7*q - 8. Let u(l) = 8*l - 8. Let i(h) = -5*a(h) + 4*u(h). What is i(9)?
-19
Let s(a) = 3*a**2 - 86*a + 30. Let b(d) = -2*d**2 + 53*d - 20. Let w(f) = -8*b(f) - 5*s(f). What is w(-10)?
50
Let j(d) = d**2 - 7*d + 3. Let m = -697 - -704. Calculate j(m).
3
Suppose 15 = -5*m, 59 = 3*s - s - m. Suppose 0 = 30*c - s*c. Let p(n) = -n**2 + 13. Calculate p(c).
13
Suppose 33*x - 25*x - 24 = 0. Let n(a) = -a**3 + 5*a**2 - a - 2. Give n(x).
13
Let w(i) = -3*i**2 + 11*i + 3. Let s(a) = -10*a**2 + 33*a + 13. Let y(b) = 2*s(b) - 7*w(b). Give y(10).
-5
Let j(n) be the first derivative of -n**5/60 + 7*n**4/12 - 3*n**3 + 13*n**2 + 23. Let z(s) be the second derivative of j(s). Calculate z(13).
-5
Let l(u) be the second derivative of -u**3/6 - 9*u**2/2 - 2*u - 93. What is l(-14)?
5
Let a(p) = p**3 - 8*p**2 - 8*p - 9. Let t be 100/(-350) + (-1 - (-60)/14). Suppose -n = 4*j - 25, -2*j - t + 2 = -n. What is a(n)?
0
Let f(b) be the third derivative of b**4/24 + 8*b**3/3 - 3*b**2 + 86. Calculate f(-20).
-4
Let g(h) = -17*h**2 + 30*h - 42. Let s(k) = -7*k**2 + 14*k - 20. Let c(u) = -2*g(u) + 5*s(u). Give c(8).
0
Suppose d + 2 = 2*g, -5*g = -8*d + 5*d - 1. Let s(n) = -n**2 + 8*n + 9. What is s(d)?
9
Let k be -3*(80/(-12))/(-5). Let n = -8 - k. Let g(r) = -3*r. Give g(n).
12
Let b(s) = -s**2 - 3. Let k be (-5)/(-2)*(-102)/85. Determine b(k).
-12
Let v = 114 - 111. Let l(n) = n**3 - n**2 + 4*n - 3. What is l(v)?
27
Let u(x) be the second derivative of -x**4/12 - 5*x**3/6 - 12*x - 4. Determine u(-5).
0
Let m(b) = -2*b + 0*b + b. Let w be 712/36 - 4/(-18). Let i be (-4)/w - 93/(-15). Determine m(i).
-6
Let s(i) = i**2 + 8*i + 6. Suppose 0*n - 10 = 2*n. Let q be s(n). Let h = q - -10. Let v(p) = -9*p. Give v(h).
-9
Let q(k) = -k**3 - 7*k**2 + 4*k + 22. Let y be q(-7). Let p(s) = s**3 + 8*s**2 + 5*s - 5. What is p(y)?
37
Let s(m) = -2 + 5 + m**2 + 0*m**2 - 2*m. Suppose 2*t - 4 = 2*r, -116*r + 111*r = 5*t - 40. Calculate s(r).
6
Let b(m) be the first derivative of -1/3*m**3 - 5/2*m**2 - 6 + m. What is b(-5)?
1
Let n(o) be the third derivative of -o**6/120